 when r is divided by l.
14
Let v be -2 + (-1 - 0) + 9. Let k(z) = 87*z + 177. What is the remainder when (0 - 1) + v - 2 is divided by k(-2)?
0
Suppose 2 = 2*n - 2. Suppose -2*f + 0*f = -n*r + 16, r - 24 = -3*f. Suppose -12 = -3*j + o + 1, 2*j - o = 9. What is the remainder when r is divided by j?
0
Suppose 4*f + 5 = 5*f. Suppose f*g - 4*g - 3 = 0. Suppose 6*d - 93 = 2*d + 3*n, -g*n - 21 = -d. Calculate the remainder when d is divided by 13.
11
Let q(h) = -2*h**3 + 10*h**2 - 13*h + 8. Calculate the remainder when 10 is divided by q(3).
0
Let f(h) be the third derivative of -h**5/60 - 11*h**4/24 - 23*h**3/6 - 28*h**2. Calculate the remainder when 55 is divided by f(-5).
6
Suppose 2*i + 777 = 3*a, -2*a - i + 734 - 223 = 0. What is the remainder when a is divided by 26?
23
Let o(i) = 3*i - 7. Let v be o(4). Suppose -r + 72 = 2*l - 31, v*l = -r + 118. Calculate the remainder when r is divided by 24.
21
What is the remainder when ((-1)/(-4))/((-6)/(-2904)) is divided by 59?
3
Let p(n) be the third derivative of n**5/30 - 7*n**4/24 + n**3/3 + 14*n**2. Let j(l) = -14*l + 1. What is the remainder when j(-2) is divided by p(5)?
12
Let z = 61 + -54. Suppose z*f - 46 = 3*f - 3*u, 4*f + u - 50 = 0. What is the remainder when 24 is divided by f?
11
Let m(z) = -6*z - 11. Let c be m(-4). Suppose 3 = 2*t - c. What is the remainder when t is divided by 6?
2
Let y = 128 - 217. Let g = 133 + y. What is the remainder when g is divided by 12?
8
Let q be -1*3*140/(-30). Suppose -4*d + 65 = 3*w + 2*w, w + d = q. What is the remainder when 33 is divided by w?
6
Suppose 0 = -p - 4*p - 290. Let j = -55 - p. Calculate the remainder when j is divided by 3.
0
What is the remainder when (-2010)/(-18)*(12 - 9) is divided by 12?
11
Suppose -4*l + 36 = -23*h + 20*h, 4*l - h = 44. What is the remainder when l is divided by 6?
0
Let q(v) = 16*v**2 + 3*v + 2. Calculate the remainder when q(3) is divided by 39.
38
Let l(w) = -7*w**2 - 3*w + 7. Let s be l(-4). What is the remainder when (-13 + 12)*(s + 4/(-2)) is divided by 14?
11
Suppose 0 = 7*l - 505 - 69. What is the remainder when l is divided by 65?
17
Let j be (-5)/10 + (-119)/2. Let s be 128/5 - 24/j. Let y = s - 15. What is the remainder when y is divided by 6?
5
Let u(l) = -2*l - 5*l - 6 - 7*l. Let z be u(-3). Let w = -23 + z. What is the remainder when 49 is divided by w?
10
Let g = -1011 + 1102. Calculate the remainder when g is divided by 34.
23
Let p = 173 + -170. Let m be 0 + -4 + 2 - -4. Suppose 3*y = m*y + 2. What is the remainder when p is divided by y?
1
Suppose 0*q + 4*q - 16 = 3*h, 3*h - 16 = -4*q. Suppose 2*d + 44 + 10 = q*n, -4*n + 59 = 3*d. What is the remainder when n is divided by 6?
2
Let b = -5 - 8. Let n = 81 + b. Calculate the remainder when n is divided by 18.
14
Let d(a) = 2*a**2 + 3*a. Suppose y = 218 - 177. Calculate the remainder when y is divided by d(-3).
5
Suppose 3*g = -h + 6, -3*h = -4*g - 11 + 32. Suppose 150 = 4*w + 5*c, 0 = 2*w + g*w - c - 173. What is the remainder when w is divided by (9/12)/(3/72)?
17
Let o(p) = 2762*p - 112. Calculate the remainder when o(1) is divided by 68.
66
Suppose 8*k - 3*k - 235 = 0. Suppose 138*x = 133*x + 60. What is the remainder when k is divided by x?
11
Let c(u) = -4*u. Let w be c(-1). Suppose 0 = -w*g + 13 + 39. What is the remainder when 7 - -27 - 1*-3 is divided by g?
11
What is the remainder when 1637 is divided by 1 + (-1 - (-498)/12)*2?
79
Let r be -12*(-8)/(-36)*6/(-4). Suppose 3*l - g - 99 = 29, 169 = r*l - g. What is the remainder when l is divided by 24?
17
Let g(z) be the second derivative of -z**4/12 + 7*z**3/6 - 3*z**2/2 - 45*z. Calculate the remainder when 61 is divided by g(4).
7
Suppose a = 4*i + 9, 2*a - 34 + 6 = -2*i. Let t = -11 + a. Calculate the remainder when 23 is divided by -5*-6*t/5.
11
Let p(u) = 19*u - 1. Suppose y - 13 = 3*d - 7*d, -2*y + 4 = -3*d. What is the remainder when p(1) is divided by y?
3
Let d(y) = -y**3 - 12*y**2 - 37*y + 29. What is the remainder when d(-7) is divided by 42?
1
Let q(g) = g**3 - 4*g**2 + g + 4. Let k = -59 - -42. What is the remainder when 4/2 - (k + 6) is divided by q(4)?
5
Let y = -421 - -434. Calculate the remainder when y is divided by 2.
1
Let f = 54 - 36. Let z(m) = -8*m - 6. Suppose 1 + 1 = -3*p + 2*r, -4*r - 14 = 3*p. What is the remainder when f is divided by z(p)?
8
Suppose 0 = c - 3*c + 12. Suppose -14 = -c*q + 4. Calculate the remainder when 3 is divided by q.
0
Let x(n) = 16*n - 89. What is the remainder when x(10) is divided by 19?
14
Suppose -56*j = 48*j - 11960. Calculate the remainder when 161 is divided by j.
46
Calculate the remainder when 77 is divided by (1/3)/((-4)/(-120)).
7
Suppose 3*j + 1080 = 18*j. Calculate the remainder when j is divided by 12.
0
Suppose 0 = 3*l - 4*s - 14 - 4, -5*s = -4*l + 24. What is the remainder when 24 - 2 - 0/2 is divided by l?
4
Let o = 123 + -80. Let k = o + -26. Let a = -2 + k. Calculate the remainder when 72 is divided by a.
12
What is the remainder when 63 is divided by -4 + -1 + (-650)/(-50)?
7
Suppose -10*i = -2431 - 1749. Calculate the remainder when i is divided by 34.
10
Suppose -t = -5*n + 14, -3*n = 2*t + 2*n - 17. Let i = t + 21. Let y = 12 - 3. What is the remainder when i is divided by y?
4
Suppose -37 = 3*t + 23. Let q = 87 - t. Calculate the remainder when q is divided by 27.
26
Let u = 2305 + -2262. What is the remainder when u is divided by 28?
15
Let g(m) = -2*m**2 + 83*m - 11. What is the remainder when 143 is divided by g(41)?
23
Let c = 174 + -162. Let o = 83 - c. Calculate the remainder when o is divided by 4.
3
Suppose 0 = 7*f - 8*f - 5*n - 15, -6 = 2*f + 4*n. Calculate the remainder when 4/(24/(-9))*-12 is divided by f.
3
Suppose 62*d - 150 = 52*d. What is the remainder when 1454 is divided by d?
14
Let j(u) = -19*u**2 + 2*u. Let r(s) = -19*s**2 + s - 1. Let g(y) = -3*j(y) + 2*r(y). Calculate the remainder when g(-2) is divided by 12.
10
Suppose 3 = n, -15*n - 2420 = -5*z - 20*n. What is the remainder when z is divided by 81?
76
Let h be (-119)/(-21) - (-2)/(-3). Let d be (h/3)/5*0. Suppose 4*v = 4*u - 9*u + 129, 5*v + 3*u - 145 = d. What is the remainder when v is divided by 7?
5
Suppose 31*c = -12*c + 172. Let z = 53 - 22. Let t = z + -16. What is the remainder when t is divided by c?
3
Let d(q) = -q**2 + 3*q + 42. Calculate the remainder when 165 is divided by d(0).
39
Suppose 0 = -5*p, 4*t + 3*p + 0*p - 172 = 0. What is the remainder when t is divided by 5?
3
What is the remainder when 350 is divided by 3/(-2) - (-42)/8*2?
8
Suppose 5*x = -26 - 19. Let o = 2 - x. Suppose 230 - 1034 = -134*i. What is the remainder when o is divided by i?
5
Let a(w) = 35*w**2. Let g(s) = 104*s**2 - s - 1. Let x(m) = 7*a(m) - 2*g(m). Let o = -100 - -99. Calculate the remainder when x(o) is divided by 19.
18
Suppose -4*j - s + 0 = 4, -12 = 5*j + 3*s. What is the remainder when (j - -45) + 5/(-5) is divided by 16?
12
Let b(l) = 72*l + 309. Let f(h) = -21*h - 3. Calculate the remainder when f(-4) is divided by b(-4).
18
Let o(g) = -g**2 + 10*g + 11. Let m be o(11). Suppose m = -6*t + 83 + 1. What is the remainder when t is divided by -4*(-3 + 3 + -2)?
6
Calculate the remainder when 29 is divided by 6 - (-50)/6 - 4/(-6).
14
Suppose -4*s - 3*l = -8*l - 43, -4*s + 4*l = -48. Let t(q) be the first derivative of -q**2/2 + q + 1. Calculate the remainder when s is divided by t(-9).
7
Suppose -o - 618 = -5*j - 53, -2*j = 2*o - 214. Suppose -8*i + j = -4*i. Calculate the remainder when i is divided by 6.
4
Let y(s) = -s**3 + 5*s**2 + 6*s + 7. Let l = 7492 + -7460. Calculate the remainder when l is divided by y(6).
4
Suppose 5*a - 203 + 23 = 0. Let o(c) = 2*c**3 - 5*c**2 + c + 7. Let r = -33 + 36. What is the remainder when a is divided by o(r)?
17
Suppose -2*o + 1116 = 4*o. Calculate the remainder when ((-6)/18)/((-1)/o) is divided by 7.
6
Suppose -377*n + 378*n - 39 = 0. What is the remainder when n is divided by 39?
0
Suppose t + 19 + 18 = q, 2*t + 144 = 4*q. Let v = 83 - -19. What is the remainder when v is divided by q?
32
What is the remainder when -27*16*(-8 + (-329)/(-42)) is divided by 22?
6
Suppose 5*j - 5*g - 85 = 0, -5*j + 2*j = 2*g - 36. Suppose -8*r = -j*r + 798. Calculate the remainder when r is divided by 34.
31
Let c = 49 + 58. S